-8)/(-28). Let t be ((-81)/(-6))/(v/(-20)). What is the highest common divisor of 15 and t?
15
Let t be (-4)/16*2*0. Suppose 17*v - 14*v - 336 = t. What is the greatest common divisor of v and 16?
16
Let k(m) = -18*m + 31. Let n(d) = -91*d + 155. Let z(o) = -11*k(o) + 2*n(o). Let i be z(3). What is the highest common factor of i and 221?
17
Let g be 5/(-15)*-3 + 15 - 1. Suppose -5*a + 12 + 8 = 0. Suppose 3*m = -4*w + 11, w - a = -m - 2. What is the highest common divisor of g and w?
5
Let p be ((-256)/6)/(-4)*(-21)/(-14). Calculate the greatest common factor of 1 and p.
1
Suppose 30 = -6*v + 78. Let i be -1*(1 - 2) - -1. Let q = i + 70. Calculate the greatest common factor of q and v.
8
Suppose h = 4*t - 1117, 9*h - 1396 = -5*t + 10*h. Calculate the greatest common divisor of t and 651.
93
Let l(o) = 43*o - 18. Let m be l(5). Let u = m - 68. Calculate the greatest common divisor of 86 and u.
43
Let k be (10/8)/(1/12). Let z = -38 - -43. Suppose 4 = z*j - 296. What is the highest common divisor of j and k?
15
Let k = 96 - 54. Suppose 0*f - f + k = 0. Suppose 6*q - 3*q = f. What is the highest common factor of 2 and q?
2
Let l = 100 + -8. What is the greatest common factor of l and 8?
4
Let q = 10 + -1. Suppose -6*o + 11 = -277. Let x be o/32 + (-123)/(-2). What is the highest common factor of q and x?
9
Let x(g) = g**2 - 31*g - 200. Let a be x(37). What is the highest common divisor of 506 and a?
22
Let n be 195 - (0 - (0 - -3)). Suppose 6*k = 184 - 76. What is the greatest common factor of k and n?
18
Let w(v) = 22*v - 2. Let d be w(1). Suppose -4*p - a = -332, -d = 3*a + 2*a. Calculate the greatest common divisor of p and 28.
28
Let i(v) = v**3 + 2*v**2 - 4*v + 1. Let g be i(-2). Suppose 3*p - 2*a - 74 = 0, 92 = g*p - 5*p - a. What is the highest common factor of p and 308?
22
Let a be 90/3*(-7104)/(-120). What is the highest common divisor of a and 48?
48
Suppose -3*b + 4*b - 66 = 2*z, 0 = -5*b - z + 319. What is the greatest common divisor of b and 704?
64
Suppose 3*f - 7*f - 3*p + 32 = 0, -3*p = -f - 7. Let r(d) = -2*d**2 - 35*d - 12. Let m be r(-17). What is the greatest common divisor of m and f?
5
Let g be (-1 - (-87 + 3)) + -1. Suppose -x = x - g. Suppose -x + 149 = 2*w. What is the highest common divisor of w and 6?
6
Let v(b) = -2*b**2 - 21*b + 7. Let l be v(-7). What is the highest common divisor of 12 and l?
4
Let s(o) = o**3 - 2*o**2 - 3*o + 1. Let r be s(3). Let l be (r/(-2))/((-1)/2). Calculate the highest common divisor of l and 4.
1
Let m = -2 - -3. Suppose -u - 5 + m = 0, -2*u = -2*z + 328. Let v = -193 + 213. Calculate the highest common factor of v and z.
20
Let b be ((-12)/(-48) + (-38)/(-8))/1. Suppose 4*u - 6*j - 530 = -4*j, 5*j = -b. Calculate the highest common divisor of u and 44.
44
Let c = 49 - 29. Suppose -4*s + 5*l + 26 = 0, -3*l - 14 = -4*s - 4*l. Let q be 2/s + (-75)/(-10). Calculate the greatest common factor of q and c.
4
Suppose 4*d = -4*n + 20, -n - 2*d + 9 = -0*n. Let r be (-8)/2*n/(-2). Suppose -s - s = v - 35, -v = -r*s - 15. What is the highest common divisor of v and 75?
25
Suppose 0 = 4*c + u - 2*u + 45, 4*u = 20. Let m be (1188/(-45))/(3/c). What is the greatest common divisor of m and 11?
11
Let z be (-54)/297 - 2820/(-22). Calculate the greatest common divisor of z and 48.
16
Let x be 1 - (-1 + (2 - 1)). Let v be (-2)/((-12)/20 + x). Let z be 25*(12/v)/(-3). What is the highest common divisor of 30 and z?
10
Let x(i) = -i**3 + 18*i**2 - 17*i + 2. Let p be x(17). Let w be -197*(-2)/p + (13 - 12). Calculate the highest common divisor of 18 and w.
18
Let l(f) = 4*f - 1. Let t be l(2). Let c = -141 + 238. Let n = 104 - c. Calculate the highest common factor of n and t.
7
Let o be 6/15 + 163/5. Let g = 64 - 38. Let y = o - g. Calculate the greatest common divisor of y and 7.
7
Suppose -5*r - 12 = 13, d = -3*r + 57. Let j = 34 - 10. Suppose 8 = 4*n - j. What is the greatest common divisor of n and d?
8
Let j(o) = 2 + 13*o - 18*o + 1 - 6. Let g be j(-6). Let h = g - -1. Calculate the greatest common factor of h and 252.
28
Let m be (0 + -7)*6/(-6). Calculate the highest common factor of m and 56.
7
Suppose b - 357 - 27 = 0. Calculate the highest common divisor of b and 48.
48
Let b(g) = 176*g - 575. Let f be b(6). What is the highest common factor of 111 and f?
37
Suppose -7*n = 3*t - 8*n - 3722, -3*t + 3714 = 3*n. What is the highest common divisor of t and 40?
40
Suppose -301 = -3*g + 2*c, 0 = -3*g - 3*c + 4 + 302. Suppose 3*d = 4*m - g - 46, -3*d + 69 = 2*m. Calculate the greatest common divisor of 24 and m.
12
Let c(j) = j**3 + 14*j**2 + 8*j + 6. Let w = -12 + -2. Let q be c(w). Let m = 154 + q. What is the highest common factor of 12 and m?
12
Let r = 65 + 21. Let k = r - -4. Let n = -23110 - -23140. What is the highest common divisor of n and k?
30
Let q = -22 - -42. Let i be -7 + q - 2/(1 - 2). Suppose d = 1 + 14. What is the highest common divisor of d and i?
15
Suppose -4*g = 3*p - p + 30, -45 = 3*p - 2*g. Let v = 41 + p. Calculate the highest common divisor of 65 and v.
13
Let h be 135/(-6)*368/(-40). Calculate the greatest common divisor of 138 and h.
69
Let u(r) = -3*r**2 - 20*r - 19. Let w be u(-5). What is the greatest common factor of w and 246?
6
Suppose 775 = 4*k + 5*y, 12*k - 10*k - 395 = -5*y. Calculate the greatest common factor of k and 20.
10
Let y(x) be the first derivative of -19*x**2/2 + 3*x + 6. Let t be y(-3). What is the highest common factor of 6 and t?
6
Suppose 58 = 5*d - 172. Suppose 6*w - 12 = 3*w, -d = -3*q - 4*w. What is the greatest common divisor of q and 90?
10
Let v(b) = b**2 - 2. Let k(o) = o**3 + 5*o**2 - o - 2. Let d be k(-5). Let r be v(d). Let u = -468 + 475. What is the greatest common factor of u and r?
7
Let l = -127 + 153. Suppose 9*g + l = 10*g. Calculate the highest common factor of g and 91.
13
Let d be ((-34)/4)/(1/(-2)). Let q(z) = z + z**2 + z**3 - 15 - 27*z**2 + 9*z**2. Let v be q(d). What is the greatest common factor of 5 and v?
1
Suppose 2*c = 5*c + 15. Let l(y) = -2*y**3 - 4*y**2. Let n be l(c). Suppose 0 = 11*w - 6*w - n. Calculate the highest common factor of 15 and w.
15
Let p = 30 - 27. Let v be (2/p)/((-38)/(-171)). Suppose -h + 5*h = 4*l - 28, h - 1 = -3*l. Calculate the greatest common factor of l and v.
1
Let j(u) = 46*u + 659. Let n be j(-13). What is the highest common factor of 549 and n?
61
Let y(s) = 15*s**2 - 25*s + 232. Let c be y(7). What is the greatest common factor of 44 and c?
44
Let l = 222 - 162. Calculate the greatest common divisor of l and 108.
12
Let p = 109 + -55. Suppose 3*n + 56 = 7*n. Let z = 20 - n. Calculate the greatest common divisor of p and z.
6
Let j be 14 - (-2 + -2 + 7). Suppose 0 = -2*d + 10, -2*d + 365 = 5*t - 6*d. Calculate the greatest common factor of j and t.
11
Let i = -15 - -19. Suppose d + 6 = -0*d + i*q, -5*d + 27 = -q. Let r(u) = 23*u + 2. Let a be r(2). What is the highest common factor of a and d?
6
Let t = -487 + 494. What is the highest common divisor of t and 308?
7
Suppose 3*r = -p - 2*r + 1255, 2480 = 2*p + 4*r. What is the highest common factor of p and 30?
30
Suppose 3*y + d = 1 - 4, -3*d = -9. Let a be y/11 - 272/(-44). Suppose -300 = -f - 4*f. What is the greatest common factor of f and a?
6
Let b(v) = 2*v - 8. Let a be b(-8). Let u be (2 - -28)*5*a/(-100). What is the highest common divisor of u and 4?
4
Let j = 805 + -773. Calculate the highest common factor of j and 224.
32
Let o(x) = -41*x + 546. Let n be o(12). Let p be 2*(-1)/4*-4. Let l be 4*p + -1*2. What is the greatest common divisor of n and l?
6
Let r(h) = 20*h**2 + 4. Let w be (7 + 0)*(-52)/(-91). Suppose 12 = 4*o - l, -w*l + 3*l = -o + 6. Let b be r(o). Calculate the highest common factor of 12 and b.
12
Suppose 0*c = -2*c - 2*m + 1348, 4*c - 2702 = 2*m. Calculate the highest common factor of 150 and c.
75
Let f = 32 + -133. Let h be f/(-5) + 2/(-10). Suppose -c - 17 = -97. What is the greatest common factor of h and c?
20
Let o(b) = -149*b**3 + 5*b**2 + 4*b. Let u be o(-1). Let h = -16 - -46. What is the greatest common divisor of h and u?
30
Let q = -29387 + 29401. Let y be (-1)/(-3) - 4/(-6). Suppose -3*v + y = -2, u - 2*v = 12. What is the greatest common divisor of u and q?
14
Let l = -42 - -87. Let o = 92 - 61. Le